 -14345. Suppose w = -4*w + 25. Suppose 2*l = 4, l + 41 + 42 = w*v. What is the highest common divisor of v and j?
17
Suppose 0 = -13*t - 899 + 10090. Calculate the greatest common factor of t and 189.
7
Suppose 2980 = -37*n + 27*n. Let f = -270 - n. Let p be (22 + -1)/(2/2). What is the highest common divisor of f and p?
7
Let z(h) = -3*h. Let n = 1 + -4. Let o be z(n). Let q = 18854 - 18755. Calculate the greatest common factor of o and q.
9
Let z = 270 - 262. Let x(n) = 2*n**2 - 6*n - 17. Let q be x(z). Let c(g) = 2*g - 3. Let v be c(6). Calculate the highest common factor of v and q.
9
Suppose -38*c = -36*c - f - 767, -1539 = -4*c + f. Calculate the highest common factor of c and 6.
2
Suppose -245 = -z - 2*y, 2*z + 5*y - 548 = -60. Suppose -5*x - 2*m = -1929, -z = 2*x + m - 1021. What is the highest common divisor of 105 and x?
35
Suppose 5*x + 54 = q, -23*x = -2*q - 21*x + 60. Calculate the greatest common divisor of q and 567.
3
Let u(c) = -c**3 + 23*c - 1. Let l be u(-5). What is the greatest common divisor of l and 7?
1
Let x(a) = -6*a**3 + 13*a**2 + 28*a - 2. Let t be x(-4). Calculate the greatest common factor of t and 2.
2
Let d(y) = -y**3 + 149*y**2 + 490*y + 136. Let k be d(152). Calculate the highest common divisor of 48 and k.
24
Suppose -2*y - 421 + 451 = k, 3*k = -2*y + 46. Let h(n) = 484*n**2 + n + 1. Let r be h(-1). What is the highest common factor of y and r?
11
Suppose -2*u + 4 = 0, 5*b - 9 - 91 = -5*u. Suppose -a + 17 = 3*h, a + h = b + 3. Let d = 30 - a. What is the greatest common divisor of d and 7?
7
Let w = -445 - -445. Let l be (208 + w)/(-42 + 44). What is the highest common factor of l and 16?
8
Let w be (328 + -315)/(1/11). What is the greatest common factor of w and 8437?
143
Suppose -w = -7*w + 138. Let v = 26 - w. Suppose 0 = 18*b - 17*b - 24. Calculate the highest common factor of b and v.
3
Let r(h) = -8*h**2 - 125*h - 102. Let t be r(-14). Let z(m) = -m**3 + m**2 - m + 64. Let i be z(0). What is the highest common divisor of i and t?
16
Suppose 244*r - 2557 - 12344 = -3189. What is the greatest common factor of 496 and r?
16
Suppose -342*y + 11175 = -1821. What is the highest common divisor of 7334 and y?
38
Let a be ((-1311)/1748)/((0 + 2)/(-2960)). What is the greatest common factor of a and 390?
30
Let q(s) = -1515*s - 3774. Let a be q(-7). Calculate the highest common factor of a and 27.
27
Let j be 412 + -199 + 3*(-4)/(-3). Suppose -t = -349 + 12. Let f = t - j. Calculate the greatest common factor of 48 and f.
24
Let f(m) = 7*m - 287. Let r be f(41). Suppose r = -28*n + 18*n + 1480. Calculate the highest common divisor of n and 8.
4
Let k = 80 + -77. Suppose -2*v + 0 = 10, -k*n + 2*v = -247. Let t = n - 51. Calculate the greatest common divisor of t and 308.
28
Let r(n) = -53*n + 69. Let q be r(-9). Calculate the greatest common factor of 2548 and q.
182
Let t = 80 + -62. Let f = -62 + 178. Let w = 82 + f. Calculate the greatest common divisor of t and w.
18
Let a(b) = 77*b**2 + 105*b - 672. Let t be a(8). What is the greatest common factor of 1372 and t?
196
Suppose g + 0*b = -2*b + 36, -5*g + 222 = -4*b. Suppose -7*q + 1297 = 219. Calculate the highest common factor of q and g.
14
Let u = -17 + 38. Let b be (u/(-4))/((-45)/600). What is the highest common divisor of 35 and b?
35
Suppose 2*m + 3*d = 3132, 6228 = -92*m + 96*m - 3*d. What is the greatest common factor of 645 and m?
15
Let s be (-41)/(-2) - 24/(-16). Let h = -8 - -10. Suppose h*y - 6*y + 264 = 0. Calculate the greatest common factor of y and s.
22
Let t be (-38 + -1)*2/(-2). Suppose -14*j + 10 + 102 = 0. Let x be (-4)/j*26*-33. Calculate the highest common factor of t and x.
39
Let o = 445 - 411. Let b = 32 + 138. Calculate the greatest common factor of b and o.
34
Let g be 2 + (0 - -17) - (-2 + -1). Suppose 6*k + 234 = 252. Calculate the greatest common divisor of g and k.
1
Suppose 2*q + 2*i + 30 = 0, -q + 42 = -3*q + i. Let h be 3/(-12)*-28 - q. What is the greatest common factor of h and 442?
26
Suppose 33*r = -55*r + 42240. Calculate the greatest common divisor of r and 165.
15
Let r = -2664 + 3220. Calculate the highest common divisor of 5977 and r.
139
Suppose 94*y = 111*y - 510. Calculate the greatest common factor of 340 and y.
10
Let x be 1*-252*(-7 + 72/(-16)). Calculate the greatest common divisor of x and 54.
18
Let q(i) = i + 12. Let g be q(-4). Let u = g - -31. Let y = 8 + 5. Calculate the greatest common divisor of u and y.
13
Let g be 42/((66/48)/(-11)*-4). Let b(h) = h**3 - h**2 - 4*h + 6. Let r = -15 + 18. Let o be b(r). Calculate the greatest common divisor of o and g.
12
Let r(n) = n**3 - 2*n**2 - 9*n + 14. Let p = -64 + 48. Let q = 21 + p. Let v be r(q). What is the highest common divisor of 22 and v?
22
Let h be (28/(-63))/(72/(-8100)). What is the highest common factor of 290 and h?
10
Let p(d) = d + 475. Let u be p(0). Suppose -362*z + 366*z = 8, 3*k - 7 - 40 = 5*z. What is the greatest common factor of u and k?
19
Suppose -j + 2595 = -q, 1956 = 3*j - 5*q - 5821. Calculate the greatest common factor of 23 and j.
23
Let d = -38 + 22. Let u = d + 17. Suppose i = -u + 5. What is the greatest common factor of i and 20?
4
Suppose g = 5*n + 11 + 13, 96 = 4*g - 4*n. Let l be (-20)/(-6)*(27 - g). Let i be 78/1 + (1 - -1). Calculate the greatest common factor of i and l.
10
Let a be (6/7)/(-6*(-8)/1680). Calculate the highest common factor of a and 1968.
6
Let w be (6 + 235/10)*-2*-114*1. What is the highest common divisor of w and 57?
57
Suppose -l = -4*f + 1952, -3*f - 64*l = -59*l - 1487. Calculate the greatest common factor of 815 and f.
163
Let a(s) = -s**2 + 54*s + 205. Let r(v) = -v**3 - 5*v**2 + 8*v + 8. Let k be r(-7). Let i be a(k). What is the greatest common divisor of i and 5?
5
Suppose -5*t + 90 = -5*o, -t + 30 = 6*o - o. Let z be 12/(-18)*(-104 - -14). What is the greatest common factor of t and z?
20
Let b be (1380/(-45))/((-4)/6). Suppose 0 = -5*q + 3*q + 230. What is the highest common factor of b and q?
23
Suppose 0 = -5*b - 25, -z - 2*b = 3*b - 119. Calculate the highest common divisor of z and 27.
9
Suppose 24*f = 2075 + 805. Calculate the highest common factor of f and 390.
30
Let j(i) = -i**3 + 8*i**2 - 10*i + 6. Let q be j(9). Let m be q*(-3 + 28/12)/2. Calculate the greatest common divisor of 22 and m.
11
Let t = 78 + -76. Suppose 7 = -t*x + 19. Calculate the greatest common factor of 63 and x.
3
Let w be (-9842)/(-49) + (-24)/28. Calculate the greatest common divisor of w and 1450.
50
Let u(m) = -m**2 + 16*m + 647. Let d be u(-16). Calculate the greatest common divisor of 1005 and d.
15
Suppose 5*n = 3*l - 35, 0 = 2*l - 5*n - 25 + 5. Suppose 15*t - 2550 = -15*t. Calculate the highest common factor of l and t.
5
Let h be -6*5082/(-3366) - 1/17. Suppose 4*m - 3*m + 3 = 3*k, 0 = -5*m. Calculate the greatest common divisor of h and k.
1
Suppose 3*q + 3*g - 414 = -0*q, -258 = -2*q + 4*g. Suppose -q*p - 72 = -138*p. What is the highest common divisor of 66 and p?
6
Let h(l) = 3*l**3 + 4*l**2 - 15*l + 19. Let f be h(3). Suppose 4*t = -12, -3*s - t - 31 = -f. Calculate the greatest common divisor of s and 3.
3
Suppose -u = 5*s + u - 460, 0 = -5*u + 25. Suppose -88*o + s*o = 128. What is the highest common factor of 32 and o?
32
Let o be 95/(-1*3 + ((-187)/(-22) - 5)). What is the greatest common divisor of o and 1090?
10
Suppose 732*z - 5 = 737*z. Let x(q) = -198*q**3 - 2*q**2 + 2. Let u be x(z). What is the greatest common divisor of 18 and u?
18
Let n = -385 - -378. Let d(w) = -4*w - 14. Let s be d(n). What is the highest common divisor of 14 and s?
14
Let a = -1223 + 1328. What is the highest common divisor of a and 75?
15
Let t be (((-100912)/(-21))/(-34))/((-4)/6). What is the highest common divisor of t and 22684?
212
Let d be (88/(-10))/(2/(-15)*1). Let g = d - 36. Calculate the greatest common divisor of g and 50.
10
Suppose 4*i - 5946 = -134*a + 136*a, 2953 = 2*i + 3*a. What is the highest common divisor of i and 2756?
212
Suppose 194*h + 46*h - 16354 = 19*h. Let r = 75 - 1. Calculate the greatest common factor of r and h.
74
Suppose 3*g + 1645*p - 285 = 1643*p, -5*p - 380 = -4*g. Calculate the highest common factor of 6745 and g.
95
Let g be (-3)/(((-1)/(-1))/(-36)). Calculate the highes